{"id":626,"date":"2020-09-15T06:48:39","date_gmt":"2020-09-15T09:48:39","guid":{"rendered":"http:\/\/pastoralfamiliayvida.com.ar\/index.php\/projects\/"},"modified":"2024-12-06T08:56:34","modified_gmt":"2024-12-06T11:56:34","slug":"capacitaciones","status":"publish","type":"page","link":"https:\/\/pastoralfamiliayvida.com.ar\/index.php\/capacitaciones\/","title":{"rendered":"Capacitaciones"},"content":{"rendered":"\n<div class=\"wp-block-cover alignfull is-light\" style=\"min-height:550px;aspect-ratio:unset;\"><span aria-hidden=\"true\" class=\"wp-block-cover__background has-background-dim\" style=\"background-color:#040219\"><\/span><img loading=\"lazy\" decoding=\"async\" width=\"1152\" height=\"864\" class=\"wp-block-cover__image-background wp-image-702\" alt=\"\" src=\"https:\/\/pastoralfamiliayvida.com.ar\/wp-content\/uploads\/2021\/06\/64962347_10216290624276106_2844384276944781312_n.jpg\" data-object-fit=\"cover\" srcset=\"https:\/\/pastoralfamiliayvida.com.ar\/wp-content\/uploads\/2021\/06\/64962347_10216290624276106_2844384276944781312_n.jpg 1152w, https:\/\/pastoralfamiliayvida.com.ar\/wp-content\/uploads\/2021\/06\/64962347_10216290624276106_2844384276944781312_n-300x225.jpg 300w, https:\/\/pastoralfamiliayvida.com.ar\/wp-content\/uploads\/2021\/06\/64962347_10216290624276106_2844384276944781312_n-1024x768.jpg 1024w, https:\/\/pastoralfamiliayvida.com.ar\/wp-content\/uploads\/2021\/06\/64962347_10216290624276106_2844384276944781312_n-768x576.jpg 768w\" sizes=\"auto, (max-width: 1152px) 100vw, 1152px\" \/><div class=\"wp-block-cover__inner-container is-layout-flow wp-block-cover-is-layout-flow\">\n<h1 class=\"wp-block-heading has-text-align-center has-white-color has-text-color\">CAPACITACIONES<\/h1>\n<\/div><\/div>\n\n\n\n<div class=\"inherit-container-width wp-block-group alignfull has-white-background-color has-background is-layout-constrained wp-block-group-is-layout-constrained\"><div class=\"wp-block-group__inner-container\">\n<h2 class=\"wp-block-heading has-text-align-center\">CHARLA DE EVAN LEMOINE EN LIBERTADOR GRAL. SAN MART\u00cdN: &#8220;AMOR Y NOVIAZGO EN TIEMPOS DE LIKES&#8221;<\/h2>\n\n\n\n<figure class=\"wp-block-embed is-type-video is-provider-youtube wp-block-embed-youtube wp-embed-aspect-16-9 wp-has-aspect-ratio\"><div class=\"wp-block-embed__wrapper\">\n<iframe loading=\"lazy\" title=\"AMOR Y NOVIAZGO EN TIEMPOS DE LIKES   EN LIBERTADOR p internet\" width=\"500\" height=\"281\" src=\"https:\/\/www.youtube.com\/embed\/189fgVST8b8?feature=oembed\" frameborder=\"0\" allow=\"accelerometer; autoplay; clipboard-write; encrypted-media; gyroscope; picture-in-picture; web-share\" referrerpolicy=\"strict-origin-when-cross-origin\" allowfullscreen><\/iframe>\n<\/div><figcaption class=\"wp-element-caption\">Evan Lemoine dio la charla \u00abAmor y noviazgo en tiempos de likes\u00bb en San Salvador de Jujuy y Libertador Gral. San Mart\u00edn. El evento, organizado por la Pastoral Familia y Vida del Obispado de Jujuy, puede ser visualizado y compartido.<\/figcaption><\/figure>\n\n\n\n<hr class=\"wp-block-separator has-alpha-channel-opacity\"\/>\n\n\n\n<h2 class=\"wp-block-heading\"><strong>Estas son las capacitaciones que tenemos preparadas para vos y tu comunidad<\/strong><\/h2>\n\n\n\n<ul class=\"wp-block-list\">\n<li>Antropolog\u00eda cristiana<\/li>\n\n\n\n<li>Amor, sexualidad e ideolog\u00eda de g\u00e9nero<\/li>\n\n\n\n<li>Aborto y objeci\u00f3n de conciencia<\/li>\n\n\n\n<li>Matrimonio y familia<\/li>\n\n\n\n<li>La familia como constructora de paz<\/li>\n\n\n\n<li>Relaciones personales y familiares<\/li>\n\n\n\n<li>Comunicaci\u00f3n y el valor de la familia<\/li>\n\n\n\n<li>Educaci\u00f3n de hijos: l\u00edmites y maduraci\u00f3n<\/li>\n\n\n\n<li>Manejo de redes sociales en la familia<\/li>\n\n\n\n<li>Educaci\u00f3n sexual de los hijos<\/li>\n\n\n\n<li>Educaci\u00f3n de los hijos en la fe<\/li>\n<\/ul>\n<\/div><\/div>\n","protected":false},"excerpt":{"rendered":"<p>CHARLA DE EVAN LEMOINE EN LIBERTADOR GRAL. SAN MART\u00cdN: &#8220;AMOR Y NOVIAZGO EN TIEMPOS DE LIKES&#8221; Estas son las capacitaciones que tenemos preparadas para vos y tu comunidad<\/p>\n","protected":false},"author":1,"featured_media":0,"parent":0,"menu_order":0,"comment_status":"closed","ping_status":"closed","template":"","meta":{"site-sidebar-layout":"no-sidebar","site-content-layout":"plain-container","ast-site-content-layout":"normal-width-container","site-content-style":"unboxed","site-sidebar-style":"unboxed","ast-global-header-display":"","ast-banner-title-visibility":"","ast-main-header-display":"","ast-hfb-above-header-display":"","ast-hfb-below-header-display":"","ast-hfb-mobile-header-display":"","site-post-title":"disabled","ast-breadcrumbs-content":"","ast-featured-img":"","footer-sml-layout":"","ast-disable-related-posts":"","theme-transparent-header-meta":"enabled","adv-header-id-meta":"","stick-header-meta":"","header-above-stick-meta":"","header-main-stick-meta":"","header-below-stick-meta":"","astra-migrate-meta-layouts":"set","ast-page-background-enabled":"default","ast-page-background-meta":{"desktop":{"background-color":"","background-image":"","background-repeat":"repeat","background-position":"center center","background-size":"auto","background-attachment":"scroll","background-type":"","background-media":"","overlay-type":"","overlay-color":"","overlay-opacity":"","overlay-gradient":""},"tablet":{"background-color":"","background-image":"","background-repeat":"repeat","background-position":"center center","background-size":"auto","background-attachment":"scroll","background-type":"","background-media":"","overlay-type":"","overlay-color":"","overlay-opacity":"","overlay-gradient":""},"mobile":{"background-color":"","background-image":"","background-repeat":"repeat","background-position":"center center","background-size":"auto","background-attachment":"scroll","background-type":"","background-media":"","overlay-type":"","overlay-color":"","overlay-opacity":"","overlay-gradient":""}},"ast-content-background-meta":{"desktop":{"background-color":"var(--ast-global-color-5)","background-image":"","background-repeat":"repeat","background-position":"center center","background-size":"auto","background-attachment":"scroll","background-type":"","background-media":"","overlay-type":"","overlay-color":"","overlay-opacity":"","overlay-gradient":""},"tablet":{"background-color":"var(--ast-global-color-5)","background-image":"","background-repeat":"repeat","background-position":"center center","background-size":"auto","background-attachment":"scroll","background-type":"","background-media":"","overlay-type":"","overlay-color":"","overlay-opacity":"","overlay-gradient":""},"mobile":{"background-color":"var(--ast-global-color-5)","background-image":"","background-repeat":"repeat","background-position":"center center","background-size":"auto","background-attachment":"scroll","background-type":"","background-media":"","overlay-type":"","overlay-color":"","overlay-opacity":"","overlay-gradient":""}},"footnotes":""},"class_list":["post-626","page","type-page","status-publish","hentry"],"_links":{"self":[{"href":"https:\/\/pastoralfamiliayvida.com.ar\/index.php\/wp-json\/wp\/v2\/pages\/626","targetHints":{"allow":["GET"]}}],"collection":[{"href":"https:\/\/pastoralfamiliayvida.com.ar\/index.php\/wp-json\/wp\/v2\/pages"}],"about":[{"href":"https:\/\/pastoralfamiliayvida.com.ar\/index.php\/wp-json\/wp\/v2\/types\/page"}],"author":[{"embeddable":true,"href":"https:\/\/pastoralfamiliayvida.com.ar\/index.php\/wp-json\/wp\/v2\/users\/1"}],"replies":[{"embeddable":true,"href":"https:\/\/pastoralfamiliayvida.com.ar\/index.php\/wp-json\/wp\/v2\/comments?post=626"}],"version-history":[{"count":23,"href":"https:\/\/pastoralfamiliayvida.com.ar\/index.php\/wp-json\/wp\/v2\/pages\/626\/revisions"}],"predecessor-version":[{"id":1116,"href":"https:\/\/pastoralfamiliayvida.com.ar\/index.php\/wp-json\/wp\/v2\/pages\/626\/revisions\/1116"}],"wp:attachment":[{"href":"https:\/\/pastoralfamiliayvida.com.ar\/index.php\/wp-json\/wp\/v2\/media?parent=626"}],"curies":[{"name":"wp","href":"https:\/\/api.w.org\/{rel}","templated":true}]}}